se
Is 24240563 composite?
True
Is 197457459 a prime number?
False
Is 211859 composite?
False
Is 1818701 a prime number?
False
Is 754153 a prime number?
True
Is 25149533 a composite number?
False
Is 120272197 a prime number?
False
Is 5301383 prime?
True
Is 1148437 a composite number?
False
Is 14447123 prime?
True
Is 672121 prime?
False
Is 8702147 a prime number?
False
Is 5409979 composite?
True
Is 2336207 prime?
True
Is 42500771 prime?
False
Is 62702369 composite?
True
Is 1251949 prime?
False
Is 63474517 prime?
True
Is 140685803 prime?
False
Is 6551053 composite?
True
Is 21795341 prime?
True
Is 490073113 prime?
True
Is 6414314 prime?
False
Is 119819165 prime?
False
Is 369637 a prime number?
True
Is 171840511 prime?
True
Is 1115507 composite?
True
Is 2016221 a composite number?
True
Is 39875009 a prime number?
False
Is 4273117 composite?
False
Is 681640987 prime?
True
Is 636173 a prime number?
False
Is 756802 composite?
True
Is 42914611 a composite number?
False
Is 4219093 a composite number?
False
Is 375618977 composite?
True
Is 557003 a composite number?
True
Is 17809037 prime?
True
Is 45081733 a prime number?
True
Is 86443645 prime?
False
Is 114575887 composite?
False
Is 22511327 a prime number?
False
Is 1574362 a composite number?
True
Is 2222167 a prime number?
True
Is 1115340251 a composite number?
False
Is 11604389 a prime number?
False
Is 5965681 composite?
True
Is 23291395 a prime number?
False
Is 15350477 prime?
True
Is 975355 prime?
False
Is 397576639 a composite number?
True
Is 19558783 prime?
False
Is 230630977 composite?
True
Is 47930491 composite?
True
Is 97453711 prime?
False
Is 602013145 a composite number?
True
Is 43666289 a composite number?
True
Is 975789811 composite?
False
Is 64028966 composite?
True
Is 24306203 prime?
True
Is 24601177 a composite number?
False
Is 1905077 a composite number?
False
Is 14068627 composite?
True
Is 25647257 composite?
True
Is 23698583 prime?
True
Is 187231 prime?
False
Is 2078207 composite?
False
Is 2581 composite?
True
Is 53046023 a composite number?
True
Is 425143 composite?
True
Is 11747243 composite?
False
Is 727317259 prime?
True
Is 28142503 a composite number?
False
Is 436897 prime?
False
Is 190043179 prime?
True
Is 728009 a composite number?
True
Is 744241957 a composite number?
False
Is 531255037 composite?
False
Is 18517937 a prime number?
False
Is 2736180115 prime?
False
Is 975701 a composite number?
False
Is 104602457 a prime number?
False
Is 95420383 a prime number?
False
Is 7557967 prime?
True
Is 5325506 prime?
False
Is 26913661 a prime number?
True
Is 606709 a composite number?
True
Is 44128199 composite?
False
Is 11637961 composite?
True
Is 72550735 prime?
False
Is 74539 prime?
False
Is 603310115 a composite number?
True
Is 81279937 prime?
True
Is 692088263 composite?
True
Is 141358549 a composite number?
True
Is 19159097 a prime number?
True
Is 2292767 prime?
True
Is 323074751 a composite number?
False
Is 21049751 a prime number?
False
Is 31580839 composite?
True
Is 10802951 prime?
True
Is 4992329 a composite number?
True
Is 73097155 a composite number?
True
Is 1177237 a composite number?
False
Is 555635917 a prime number?
True
Is 5775379 a prime number?
False
Is 124845079 a composite number?
False
Is 2831699 a prime number?
False
Is 191731 a prime number?
False
Is 1499263 composite?
True
Is 1667389 composite?
False
Is 87699979 composite?
True
Is 15365981 a prime number?
False
Is 144587281 a prime number?
False
Is 175055719 composite?
True
Is 17885507 composite?
True
Is 17836909 a composite number?
False
Is 32902477 a prime number?
True
Is 6869323 composite?
True
Is 39963017 a prime number?
True
Is 11946511 a composite number?
False
Is 7900063 a composite number?
True
Is 34835929 composite?
False
Is 52872431 a prime number?
False
Is 54919217 a prime number?
True
Is 6172379 composite?
True
Is 3015037 a prime number?
True
Is 1172531 a prime number?
True
Is 1095294093 a composite number?
True
Is 449255977 composite?
False
Is 34741697 a composite number?
True
Is 214857653 a prime number?
True
Is 264487 prime?
True
Is 2602973 composite?
False
Is 135470563 composite?
False
Is 47313809 composite?
False
Is 45721891 prime?
False
Is 50677543 a prime number?
False
Is 46154347 composite?
False
Is 1014593 composite?
False
Is 3908033 composite?
True
Is 23329623 a composite number?
True
Is 10165921 composite?
True
Is 2304353 prime?
False
Is 18426923 prime?
False
Is 1747387 a composite number?
False
Is 433693079 a composite number?
False
Is 1271579 a prime number?
False
Is 15974099 a composite number?
True
Is 4575947 a prime number?
True
Is 78016067 composite?
False
Is 191873 composite?
True
Is 6148853 a composite number?
False
Is 1923192761 composite?
True
Is 3687457 composite?
True
Is 16497527 a composite number?
False
Is 2230919 a prime number?
False
Is 7496561 a composite number?
True
Is 142768799 a composite number?
True
Is 102405923 composite?
False
Is 103333 a prime number?
True
Is 8150869 a prime number?
True
Is 19849477 a prime number?
True
Is 5947327 prime?
True
Is 326421231 a prime number?
False
Is 4216657 composite?
False
Is 150223399 composite?
True
Is 4097953 composite?
False
Is 109230377 a composite number?
True
Is 4275434 composite?
True
Is 19589901 a prime number?
False
Is 151287887 prime?
True
Is 49826239 composite?
True
Is 49340051 a prime number?
True
Is 353206123 a prime number?
True
Is 1646209 prime?
True
Is 2732057 a composite number?
True
Is 313679 prime?
True
Is 6336973 a prime number?
True
Is 58677299 composite?
True
Is 4973431 prime?
False
Is 26098883 a prime number?
False
Is 70233263 composite?
False
Is 3399301 prime?
False
Is 5841781 prime?
False
Is 201633 a prime number?
False
Is 142813547 a composite number?
False
Is 79309435 a composite number?
True
Is 22386397 prime?
False
Is 12159407 composite?
True
Is 64923553 composite?
True
Is 24804293 a prime number?
False
Is 5971465 a prime number?
False
Is 160748893 composite?
False
Is 13145597 a prime number?
True
Is 1335781 a composite number?
False
Is 41189999 composite?
True
Is 658219111 a composite number?
True
Is 77750521 composite?
False
Is 188074883 prime?
True
Is 15681367 composite?
True
Is 19229039 a prime number?
False
Is 2927882 composite?
True
Is 79712683 a composite number?
True
Is 14607517 composite?
True
Is 360233 composite?
False
Is 201144847 a prime number?
False
Is 13643527 a composite number?
False
Is 24231799 composite?
False
Is 10262971 composite?
True
Is 63293197 a composite number?
True
Is 20927131 a composite number?
False
Is 1244209 prime?
False
Is 44417 a composite number?
False
Is 2582809 a prime number?
False
Is 94824053 a prime number?
True
Is 1148089427 prime?
True
Is 1024969 composite?
True
Is 123861623 prime?
True
Is 66036057 prime?
False
Is 3408191 a prime number?
True
Is 267074893 composite?
True
Is 2334419 prime?
False
Is 2215679 prime?
False
Is 65531023 a composite number?
False
Is 57990073 composite?
False
Is 189810541 a prime number?
True
Is 284071 a prime number?
False
Is 3635447 prime?
True
Is 105222229 composite?
True
Is 127725943 composite?
False
Is 11899093 prime?
False
Is 11669782 a prime number?
False
Is 13194641 prime?
True
Is 206776837 a prime number?
True
Is 2508539 prime?
False
Is 3442219 prime?
False
Is 24639061 composite?
False
Is 4369021 a prime number?
True
Is 15976127 a composite number?
False
Is 291919 a prime number?
False
Is 92044257 a composite number?
True
Is 80628061 a prime number?
False
Is 3155758 a prime number?
False
Is 11146903 a composite number?
False
Is 9563921 prime?
True
Is 13589907 a composite number?
True
Is 36478529 prime?
False
Is 4143559 composite?
True
Is 137639551 a prime number?
False
Is 76496429 a composite number?
True
Is 8942671 a prime number?
True
Is 9623629 a prime number?
False
Is 36172937 a composite number?
True
Is 7769849 a composite number?
False
Is 61912783 composite?
True
Is 2094409 a composite number?
True
Is 635100317 a prime number?
False
Is 1190423 composite?
True
Is 7305757 a composite number?
False
Is 2144801 a prime number?
True
Is 189970571 composite?
True
Is 195163313 prime?
False
Is 214779 a prime number?
False
Is 89421211 prime?
False
Is 74125873 a composite number?
True
Is 915749 prime?
False
Is 4489409 composite?
